is the greatest common divisor of v and 12?
12
Let a = 15098 + -15086. Let s(d) = 9*d**3 - 4*d**2 + 3*d - 2. Let n be s(2). What is the highest common divisor of a and n?
12
Let b be -8 + 0 + 3/((-27)/(-288)). Calculate the greatest common factor of b and 27.
3
Let c = 34 - 100. Let t = c - -71. Let s be -30*t/((-25)/3). Calculate the highest common factor of 2 and s.
2
Suppose 110*b + 4*b - 21614 = 55906. What is the greatest common factor of b and 700?
20
Let t be 3/(7/(448/12)). Let a be (4 + (-72)/t)/((-1)/42). What is the greatest common divisor of 7 and a?
7
Let w(u) = u**3 - 57*u**2 + 175*u + 181. Let i be w(56). Calculate the highest common factor of i and 74.
37
Suppose 1358*x - 1480*x = -179340. Calculate the greatest common factor of x and 110.
10
Suppose -89*y - 36504 = -63*y - 65*y. Calculate the greatest common factor of 442 and y.
26
Let q be (70/(-42) - 16)/((-2)/12). Calculate the greatest common divisor of 6254 and q.
106
Let r be ((-238)/(-28) + 4/(-2))*4. Let p be (-1 + 14)/(2/46). What is the greatest common divisor of r and p?
13
Let k = 60 - -1. Let j = 79918 - 79613. What is the highest common factor of j and k?
61
Let y(n) = 6*n + n**2 + 2*n - 4*n - 5. Let v be y(-8). Suppose d + p = 293, 5*d - 827 = -3*p + 646. What is the highest common divisor of v and d?
27
Let a(k) = 136*k + 221. Let u be a(-1). Suppose 0 = -3*m - c - 0*c + 75, 0 = 4*m - 4*c - 100. What is the highest common factor of u and m?
5
Let t be (-3 + 58)*(-1)/(-2) + (-4)/8. Let k(w) = 4*w**2 - w. Let y be k(7). What is the highest common divisor of t and y?
27
Let f be 7064/((522/27)/29). Calculate the highest common divisor of 24 and f.
12
Suppose -3*b = 4*m, 0 = -b + 18*m - 16*m. Suppose b = -20*h + 17*h + 6. Calculate the greatest common factor of h and 14.
2
Suppose -3*x + 6*x - 27 = 0. Let z = 15 - x. Let v = 60 + -54. Calculate the greatest common factor of z and v.
6
Suppose 0 = -m + 3*k + 404, -2*m + 45*k + 808 = 42*k. Calculate the greatest common divisor of m and 24.
4
Let z(g) = -72*g**3 + g**2 - 1. Let x be z(1). Let y be ((-48)/18)/((-4)/x). Let q be (-8)/y + (-322)/(-12). Calculate the highest common divisor of q and 3.
3
Let h be 1*(-2)/(-4)*(52 - -2176). Suppose v - 651 = -2*v + 4*r, -h = -5*v - 3*r. What is the highest common divisor of v and 26?
13
Let t(o) = o**3 + 6*o**2 - 9*o + 4. Let h be t(2). Suppose -h = -4*i - 2*l, -5*i - 5 + 0 = -3*l. What is the greatest common divisor of i and 158?
2
Let l(r) = r**2 - 29*r + 78. Let v be l(26). Suppose 4*o - 5*n - 139 = 0, v*n - 77 = -2*o + 5*n. What is the greatest common divisor of 93 and o?
31
Suppose 7*p = -f + 29925, -3*f + 4*p = -56772 - 32878. What is the greatest common factor of 10 and f?
10
Suppose -589*h = -581*h - 1896. What is the greatest common factor of h and 1501?
79
Let c be (-326)/(-6) + (-2)/6. Let j(f) = -87*f**2 - 515*f - 398. Let u be j(-5). What is the highest common divisor of c and u?
2
Suppose 0 = t - 3*c + 8, c = -9*t + 10*t - 2. Suppose 2*w - 414 = -y, t*y - w - 405 = 6*y. What is the highest common divisor of 102 and y?
102
Let b be 30/(-15)*(-3447 - 1) - -7. Calculate the greatest common factor of 295 and b.
59
Suppose 0 = -17*t - 2*t + 874. Suppose -49*k = -t*k - 171. What is the greatest common factor of 133 and k?
19
Let t(v) = 2*v + 4. Let j be t(4). Suppose -8*z = 3*q - 7*z + 400, 0 = -4*z - 16. Let x be (-3 - (0 + q)) + 15/5. What is the highest common divisor of x and j?
12
Let x = -1575 - -1595. Let n(a) = 20*a**2 + a - 5. Let j be n(6). Let i be (-3)/12 + j/4. Calculate the highest common divisor of i and x.
20
Let x(l) = -l**3 + 9*l**2 - 64*l + 954. Let u be x(11). What is the highest common divisor of u and 8248?
8
Let x be (60/(-1))/10 + 27*1. Calculate the greatest common factor of 4767 and x.
21
Suppose 265*p + 2262 = 44*p + 6903. What is the highest common divisor of p and 21189?
21
Let l = 11 - 8. Let v be (2/(-4))/(l/(-144)). Suppose 0 = 2*c + c - v. Calculate the greatest common divisor of c and 16.
8
Let l(w) be the second derivative of 31*w**3/6 + 13*w**2 + 159*w. Let n be l(3). Calculate the highest common factor of n and 7.
7
Let z(v) = v**3 - 5*v**2 + 7*v - 21. Let q be z(7). Suppose -5*r + 59 = -7*o + 10*o, -2*o - 4*r = -36. What is the highest common divisor of q and o?
14
Suppose 93*w = 35*w + 466958. What is the greatest common factor of w and 97?
97
Let d(t) = -88*t - 5066. Let h be d(-92). Calculate the highest common factor of h and 2.
2
Let x(r) = -r**3 - 14*r**2 + 25*r + 31. Let f be x(-16). Let u = f - 43. Calculate the greatest common divisor of 4 and u.
4
Suppose -3*d = 9*d - 1296. Suppose -112 = 2*n + 28. Let q be 216/14*n/(-15). What is the greatest common factor of q and d?
36
Suppose 0 = -98*j - 17*j + 920. Let f = 7 + 0. Let r be (1 + f)/((-2)/(-20)). Calculate the highest common divisor of r and j.
8
Suppose -145 = 2*u + 753. Let r = -196 - u. Calculate the highest common divisor of 23 and r.
23
Suppose -824 = 4*i - 4*o, 3*i - o + 1308 - 686 = 0. Let f(n) = -175*n - 1. Let j be f(2). Let p = i - j. Calculate the highest common divisor of p and 13.
13
Suppose 5*d = 3*w + 17, 58 = 5*w + 63*d - 59*d. What is the greatest common divisor of w and 2454?
6
Let l = -50 - -67. Suppose 5*i - 3*o = 879, -2*i + 5*i + 3*o - 513 = 0. Suppose m - 13 = i. What is the greatest common factor of l and m?
17
Suppose 4*v + 3*m = 156, 0 = -2*v - 3*m + 131 - 41. What is the highest common divisor of v and 1573?
11
Let u(l) = -l**3 + 80*l**2 - 107*l + 2284. Let q be u(79). Let o be 4/(-2) - (-5 - 93). Calculate the highest common divisor of o and q.
24
Let b be (-2 - -7)/(27/6 + -2). Suppose -58*u + 3110 = -53*u + 5*w, -2 = b*w. Calculate the highest common divisor of 7 and u.
7
Let f = 243 + -240. Suppose 17*d = f*d + 840. Calculate the greatest common divisor of 80 and d.
20
Suppose 410 = 35*f - 780. Calculate the greatest common divisor of 8704 and f.
34
Let j be -4 - (-3)/((-4 - -2)/130). Let z = 211 + j. What is the greatest common divisor of 54 and z?
6
Suppose 4*z - 56 + 20 = 0. Let i(q) be the first derivative of 2*q**2 + q - 1. Let t be i(20). What is the greatest common factor of t and z?
9
Let a be (((-54)/4)/3)/(36/(-264)). Calculate the greatest common divisor of a and 7249.
11
Let y(u) = 1307*u + 5241. Let s be y(-4). Calculate the greatest common divisor of 19396 and s.
13
Let i be (1 - (-2)/(-3))/(10 + (-478)/48). Calculate the greatest common factor of 13768 and i.
8
Suppose 0 = -2*a + 5*t + 2080 - 495, 0 = a + 4*t - 812. Calculate the greatest common divisor of a and 125.
25
Let d be 341/3 + (-11)/(-33). Let y = 35 - -41. Calculate the greatest common factor of y and d.
38
Let s = 14 - 10. Let x be (2 + (-12)/8)*4 + -2. Suppose x = 5*b + 12*b - 170. Calculate the greatest common divisor of b and s.
2
Suppose -9 = 2*y - 5*a + 15, 3*y + 36 = -a. Let c = 6 - y. Suppose l - 52 = 74. What is the greatest common divisor of c and l?
18
Suppose -4*v = t - 66, -21*t = -22*t - 5*v + 73. Let y = -258 + 410. Calculate the greatest common divisor of y and t.
38
Let x = 8791 - 8596. Calculate the greatest common factor of x and 273.
39
Let s(j) = j**3 - 2*j**2 + 4*j - 3. Let w be s(1). Suppose 4*u + 330 + 14 = w. Let v = -74 - u. What is the highest common divisor of 4 and v?
4
Suppose -z = 5*l - 15, l + 5*z - 31 = -2*l. Suppose 2*v - 5*r = 7*v - 215, l*r + 166 = 4*v. What is the highest common factor of v and 6?
6
Let c be (-294)/12*((29/7 - 5) + 0). What is the greatest common factor of c and 6?
3
Suppose -3053*n - 480 = -3057*n. What is the greatest common factor of n and 2360?
40
Suppose 6*z - 101 - 31 = 0. Suppose 2*i + 4*x - 36 = 0, 20 = i + 11*x - 10*x. Calculate the highest common factor of z and i.
22
Let i be 2/5*30/6. Let j(u) = 3*u**3 - 5*u**2 + 4*u + 4. Let n be j(i). Suppose 3*l = -2*l + 40. Calculate the greatest common factor of l and n.
8
Let p(y) = 391*y**2 + 237*y - 15. Let k be p(6). What is the highest common divisor of 39 and k?
39
Let t = -16033 - -17353. Calculate the highest common divisor of 740 and t.
20
Let u be -9*(-12)/(-18)*-15. Let v = -383 - -398. Calculate the highest common divisor of v and u.
15
Let m be (22946/(-168))/(8/(-32)) + 2/(-6). What is the greatest common factor of m and 1248?
78
Let t = 76